{"id":68451,"date":"2013-07-20T16:44:17","date_gmt":"2013-07-20T15:44:17","guid":{"rendered":"https:\/\/2013.porto.wordcamp.org\/?page_id=68451"},"modified":"2013-11-08T23:54:24","modified_gmt":"2013-11-08T23:54:24","slug":"bilhetes","status":"publish","type":"page","link":"https:\/\/porto.wordcamp.org\/2013\/bilhetes\/","title":{"rendered":"Bilhetes"},"content":{"rendered":"<p>Se chegaste aqui \u00e9 porque a possibilidade de participar no WordCamp Porto 2013 te interessa.<\/p>\n<p>Vamos aos detalhes deste WordCamp.<\/p>\n<p>Como noutros semelhantes espalhados pelo mundo h\u00e1 apresenta\u00e7\u00f5es, conversas, demonstra\u00e7\u00f5es, debate e, claro, comes e bebes. Sim, claro que h\u00e1 comida e, melhor, o pre\u00e7o j\u00e1 est\u00e1 inclu\u00eddo no bilhete de entrada. Oferecemos o almo\u00e7o e dois \u2018coffe break\u2019, que s\u00e3o excelentes oportunidades para &#8220;networking&#8221;.<\/p>\n<p>Participar num WordCamp \u00e9 uma maneira simples e agrad\u00e1vel de dar alguma coisa \u00e0 comunidade WordPress.<\/p>\n<p>De forma descontra\u00edda e divertida.<\/p>\n<p>Sem esquecer a After-party. \u00c9 uma festa p\u00f3s-evento ainda mais descontra\u00edda e ainda mais divertida.<\/p>\n<p>Esta \u00e9 uma oportunidade extraordin\u00e1ria. Agarra-a j\u00e1 garantindo o teu bilhete.<\/p>\n<p><strong>Nota<\/strong>: Os bilhetes para o HackDay est\u00e3o <del>esgotados\u00a0<\/del> dispon\u00edveis. Mas aten\u00e7\u00e3o que n\u00e3o h\u00e1 muitos.<\/p>\n<a href=\"https:\/\/porto.wordcamp.org\/2013\/bilhetes\/\">Please view this page in a browser to purchase or manage tickets.<\/a>\n","protected":false},"excerpt":{"rendered":"<p>Se chegaste aqui \u00e9 porque a possibilidade de participar no WordCamp Porto 2013 te interessa. Vamos aos detalhes deste WordCamp. Como noutros semelhantes espalhados pelo mundo h\u00e1 apresenta\u00e7\u00f5es, conversas, demonstra\u00e7\u00f5es, debate e, claro, comes e bebes. Sim, claro que h\u00e1 &hellip; <a href=\"https:\/\/porto.wordcamp.org\/2013\/bilhetes\/\">Continuar a ler <span class=\"screen-reader-text\">Bilhetes<\/span>  <span class=\"meta-nav\">&rarr;<\/span><\/a><\/p>\n","protected":false},"author":10386948,"featured_media":0,"parent":0,"menu_order":0,"comment_status":"closed","ping_status":"open","template":"","meta":{"_crdt_document":"","jetpack_post_was_ever_published":false,"footnotes":""},"class_list":["post-68451","page","type-page","status-publish","hentry"],"jetpack_sharing_enabled":true,"jetpack_shortlink":"https:\/\/wp.me\/P3pPTH-hO3","_links":{"self":[{"href":"https:\/\/porto.wordcamp.org\/2013\/wp-json\/wp\/v2\/pages\/68451","targetHints":{"allow":["GET"]}}],"collection":[{"href":"https:\/\/porto.wordcamp.org\/2013\/wp-json\/wp\/v2\/pages"}],"about":[{"href":"https:\/\/porto.wordcamp.org\/2013\/wp-json\/wp\/v2\/types\/page"}],"author":[{"embeddable":true,"href":"https:\/\/porto.wordcamp.org\/2013\/wp-json\/wp\/v2\/users\/10386948"}],"replies":[{"embeddable":true,"href":"https:\/\/porto.wordcamp.org\/2013\/wp-json\/wp\/v2\/comments?post=68451"}],"version-history":[{"count":15,"href":"https:\/\/porto.wordcamp.org\/2013\/wp-json\/wp\/v2\/pages\/68451\/revisions"}],"predecessor-version":[{"id":444342,"href":"https:\/\/porto.wordcamp.org\/2013\/wp-json\/wp\/v2\/pages\/68451\/revisions\/444342"}],"wp:attachment":[{"href":"https:\/\/porto.wordcamp.org\/2013\/wp-json\/wp\/v2\/media?parent=68451"}],"curies":[{"name":"wp","href":"https:\/\/api.w.org\/{rel}","templated":true}]}}