{"id":236,"date":"2023-11-28T18:06:07","date_gmt":"2023-11-28T18:06:07","guid":{"rendered":"https:\/\/porto.wordcamp.org\/2024\/?post_type=wcb_organizer&#038;p=236"},"modified":"2024-05-28T14:50:01","modified_gmt":"2024-05-28T13:50:01","slug":"fernanda-silva","status":"publish","type":"wcb_organizer","link":"https:\/\/porto.wordcamp.org\/2024\/organizer\/fernanda-silva\/","title":{"rendered":"Fernanda Silva"},"content":{"rendered":"\n<div class=\"wp-block-group organizer-meta is-layout-flow wp-container-core-group-is-layout-63f34fbe wp-block-group-is-layout-flow\">\n<ul class=\"wp-block-social-links is-style-logos-only is-content-justification-left is-nowrap is-layout-flex wp-container-core-social-links-is-layout-7f32ff2a wp-block-social-links-is-layout-flex\"><li class=\"wp-social-link wp-social-link-linkedin  wp-block-social-link\"><a rel=\"noopener nofollow\" target=\"_blank\" href=\"https:\/\/www.linkedin.com\/in\/fernanda-lima-silva\" class=\"wp-block-social-link-anchor\"><svg width=\"24\" height=\"24\" viewBox=\"0 0 24 24\" version=\"1.1\" xmlns=\"http:\/\/www.w3.org\/2000\/svg\" aria-hidden=\"true\" focusable=\"false\"><path d=\"M19.7,3H4.3C3.582,3,3,3.582,3,4.3v15.4C3,20.418,3.582,21,4.3,21h15.4c0.718,0,1.3-0.582,1.3-1.3V4.3 C21,3.582,20.418,3,19.7,3z M8.339,18.338H5.667v-8.59h2.672V18.338z M7.004,8.574c-0.857,0-1.549-0.694-1.549-1.548 c0-0.855,0.691-1.548,1.549-1.548c0.854,0,1.547,0.694,1.547,1.548C8.551,7.881,7.858,8.574,7.004,8.574z M18.339,18.338h-2.669 v-4.177c0-0.996-0.017-2.278-1.387-2.278c-1.389,0-1.601,1.086-1.601,2.206v4.249h-2.667v-8.59h2.559v1.174h0.037 c0.356-0.675,1.227-1.387,2.526-1.387c2.703,0,3.203,1.779,3.203,4.092V18.338z\"><\/path><\/svg><span class=\"wp-block-social-link-label screen-reader-text\">LinkedIn<\/span><\/a><\/li><\/ul>\n<\/div>\n\n\n\n<div style=\"height:20px\" aria-hidden=\"true\" class=\"wp-block-spacer\"><\/div>\n\n\n\n<div class=\"wp-block-group alignwide is-layout-flow wp-block-group-is-layout-flow\">\n<div class=\"wp-block-columns is-layout-flex wp-container-core-columns-is-layout-3a88641f wp-block-columns-is-layout-flex\">\n<div class=\"wp-block-column has-global-padding is-layout-constrained wp-block-column-is-layout-constrained\">\n<figure class=\"wp-block-image size-full is-resized\"><img loading=\"lazy\" decoding=\"async\" src=\"https:\/\/lisboa.wordcamp.org\/2023\/files\/2023\/01\/badge-lang-pt.png\" alt=\"O texto seguinte est\u00e1 em Portugu\u00eas\" class=\"wp-image-1781\" width=\"125\" height=\"20\" \/><\/figure>\n\n\n\n<h3 class=\"wp-block-heading\">Conte\u00fado e Comunica\u00e7\u00e3o<\/h3>\n\n\n\n<p class=\"wp-block-paragraph\">Sou economista e gestora de empresas de forma\u00e7\u00e3o, com uma experi\u00eancia na \u00e1rea financeira. Desde 2020, embarquei numa forma\u00e7\u00e3o em Marketing Digital. Em 2021, criei uma p\u00e1gina do WordPress e meu interesse s\u00f3 cresceu desde ent\u00e3o. Tive a oportunidade de participar do WordCamp Europe 2022, o que me levou a decidir que queria ser parte dessa comunidade. Estou contente por integrar a equipe de conte\u00fado do WordCamp Porto 2024. Nas horas vagas, sou a &#8220;uber&#8221; dos meus dois filhos, fa\u00e7o caminhadas e divirto-me no MidJourney.<\/p>\n<\/div>\n\n\n\n<div class=\"wp-block-column has-global-padding is-layout-constrained wp-block-column-is-layout-constrained\">\n<figure class=\"wp-block-image size-full is-resized\"><img loading=\"lazy\" decoding=\"async\" src=\"https:\/\/lisboa.wordcamp.org\/2023\/files\/2023\/01\/badge-lang-en.png\" alt=\"The following text is in English\" class=\"wp-image-1784\" width=\"97\" height=\"20\" \/><\/figure>\n\n\n\n<h3 class=\"wp-block-heading\"><em>Content &amp; Comms<\/em><\/h3>\n\n\n\n<p class=\"wp-block-paragraph\">I&#8217;m an economist and business management with a background in finance. Since 2020, I&#8217;ve been training in Digital Marketing. In 2021, I created a WordPress page and my interest has only grown since then. I had the opportunity to take part in WordCamp Europe 2022, which led me to decide that I wanted to be part of this community. I&#8217;m delighted to be part of the WordCamp Porto 2024 content team. In my spare time, I&#8217;m the &#8220;uber&#8221; for my two children, hiking and having fun at MidJourney.<\/p>\n<\/div>\n<\/div>\n<\/div>\n","protected":false},"excerpt":{"rendered":"<p>Conte\u00fado e Comunica\u00e7\u00e3o Sou economista e gestora de empresas de forma\u00e7\u00e3o, com uma experi\u00eancia na \u00e1rea financeira. Desde 2020, embarquei numa forma\u00e7\u00e3o em Marketing Digital. Em 2021, criei uma p\u00e1gina do WordPress e meu interesse s\u00f3 cresceu desde ent\u00e3o. Tive a oportunidade de participar do WordCamp Europe 2022, o que me levou a decidir que [&hellip;]<\/p>\n","protected":false},"featured_media":0,"template":"","meta":{"_crdt_document":"","jetpack_post_was_ever_published":false,"_wcpt_user_name":"fsilva19","footnotes":""},"organizer_team":[16],"class_list":["post-236","wcb_organizer","type-wcb_organizer","status-publish","hentry","wcb_organizer_team-communication-and-content"],"jetpack_sharing_enabled":true,"avatar_urls":{"24":"https:\/\/secure.gravatar.com\/avatar\/5a1c1d277e84684b06538c0be2a186dbbce90c4071110595d737e4593b41d16f?s=24&d=mm&r=g","48":"https:\/\/secure.gravatar.com\/avatar\/5a1c1d277e84684b06538c0be2a186dbbce90c4071110595d737e4593b41d16f?s=48&d=mm&r=g","96":"https:\/\/secure.gravatar.com\/avatar\/5a1c1d277e84684b06538c0be2a186dbbce90c4071110595d737e4593b41d16f?s=96&d=mm&r=g","128":"https:\/\/secure.gravatar.com\/avatar\/5a1c1d277e84684b06538c0be2a186dbbce90c4071110595d737e4593b41d16f?s=128&d=mm&r=g","256":"https:\/\/secure.gravatar.com\/avatar\/5a1c1d277e84684b06538c0be2a186dbbce90c4071110595d737e4593b41d16f?s=256&d=mm&r=g","512":"https:\/\/secure.gravatar.com\/avatar\/5a1c1d277e84684b06538c0be2a186dbbce90c4071110595d737e4593b41d16f?s=512&d=mm&r=g"},"_links":{"self":[{"href":"https:\/\/porto.wordcamp.org\/2024\/wp-json\/wp\/v2\/organizers\/236","targetHints":{"allow":["GET"]}}],"collection":[{"href":"https:\/\/porto.wordcamp.org\/2024\/wp-json\/wp\/v2\/organizers"}],"about":[{"href":"https:\/\/porto.wordcamp.org\/2024\/wp-json\/wp\/v2\/types\/wcb_organizer"}],"version-history":[{"count":2,"href":"https:\/\/porto.wordcamp.org\/2024\/wp-json\/wp\/v2\/organizers\/236\/revisions"}],"predecessor-version":[{"id":9485,"href":"https:\/\/porto.wordcamp.org\/2024\/wp-json\/wp\/v2\/organizers\/236\/revisions\/9485"}],"wp:attachment":[{"href":"https:\/\/porto.wordcamp.org\/2024\/wp-json\/wp\/v2\/media?parent=236"}],"wp:term":[{"taxonomy":"wcb_organizer_team","embeddable":true,"href":"https:\/\/porto.wordcamp.org\/2024\/wp-json\/wp\/v2\/organizer_team?post=236"}],"curies":[{"name":"wp","href":"https:\/\/api.w.org\/{rel}","templated":true}]}}

<div class="wp-block-group organizer-meta is-layout-flow wp-container-core-group-is-layout-63f34fbe wp-block-group-is-layout-flow">
<ul class="wp-block-social-links is-style-logos-only is-content-justification-left is-nowrap is-layout-flex wp-container-core-social-links-is-layout-7f32ff2a wp-block-social-links-is-layout-flex"><li class="wp-social-link wp-social-link-linkedin  wp-block-social-link"><a rel="noopener nofollow" target="_blank" href="https://www.linkedin.com/in/fernanda-lima-silva" class="wp-block-social-link-anchor"><svg width="24" height="24" viewBox="0 0 24 24" version="1.1" xmlns="http://www.w3.org/2000/svg" aria-hidden="true" focusable="false"><path d="M19.7,3H4.3C3.582,3,3,3.582,3,4.3v15.4C3,20.418,3.582,21,4.3,21h15.4c0.718,0,1.3-0.582,1.3-1.3V4.3 C21,3.582,20.418,3,19.7,3z M8.339,18.338H5.667v-8.59h2.672V18.338z M7.004,8.574c-0.857,0-1.549-0.694-1.549-1.548 c0-0.855,0.691-1.548,1.549-1.548c0.854,0,1.547,0.694,1.547,1.548C8.551,7.881,7.858,8.574,7.004,8.574z M18.339,18.338h-2.669 v-4.177c0-0.996-0.017-2.278-1.387-2.278c-1.389,0-1.601,1.086-1.601,2.206v4.249h-2.667v-8.59h2.559v1.174h0.037 c0.356-0.675,1.227-1.387,2.526-1.387c2.703,0,3.203,1.779,3.203,4.092V18.338z"></path></svg><span class="wp-block-social-link-label screen-reader-text">LinkedIn</span></a></li></ul>
</div>



<div style="height:20px" aria-hidden="true" class="wp-block-spacer"></div>



<div class="wp-block-group alignwide is-layout-flow wp-block-group-is-layout-flow">
<div class="wp-block-columns is-layout-flex wp-container-core-columns-is-layout-3a88641f wp-block-columns-is-layout-flex">
<div class="wp-block-column has-global-padding is-layout-constrained wp-block-column-is-layout-constrained">
<figure class="wp-block-image size-full is-resized"><img loading="lazy" decoding="async" src="https://lisboa.wordcamp.org/2023/files/2023/01/badge-lang-pt.png" alt="O texto seguinte está em Português" class="wp-image-1781" width="125" height="20" /></figure>



<h3 class="wp-block-heading">Conteúdo e Comunicação</h3>



<p class="wp-block-paragraph">Sou economista e gestora de empresas de formação, com uma experiência na área financeira. Desde 2020, embarquei numa formação em Marketing Digital. Em 2021, criei uma página do WordPress e meu interesse só cresceu desde então. Tive a oportunidade de participar do WordCamp Europe 2022, o que me levou a decidir que queria ser parte dessa comunidade. Estou contente por integrar a equipe de conteúdo do WordCamp Porto 2024. Nas horas vagas, sou a &#8220;uber&#8221; dos meus dois filhos, faço caminhadas e divirto-me no MidJourney.</p>
</div>



<div class="wp-block-column has-global-padding is-layout-constrained wp-block-column-is-layout-constrained">
<figure class="wp-block-image size-full is-resized"><img loading="lazy" decoding="async" src="https://lisboa.wordcamp.org/2023/files/2023/01/badge-lang-en.png" alt="The following text is in English" class="wp-image-1784" width="97" height="20" /></figure>



<h3 class="wp-block-heading"><em>Content &amp; Comms</em></h3>



<p class="wp-block-paragraph">I&#8217;m an economist and business management with a background in finance. Since 2020, I&#8217;ve been training in Digital Marketing. In 2021, I created a WordPress page and my interest has only grown since then. I had the opportunity to take part in WordCamp Europe 2022, which led me to decide that I wanted to be part of this community. I&#8217;m delighted to be part of the WordCamp Porto 2024 content team. In my spare time, I&#8217;m the &#8220;uber&#8221; for my two children, hiking and having fun at MidJourney.</p>
</div>
</div>
</div>

<p>Conteúdo e Comunicação Sou economista e gestora de empresas de formação, com uma experiência na área financeira. Desde 2020, embarquei numa formação em Marketing Digital. Em 2021, criei uma página do WordPress e meu interesse só cresceu desde então. Tive a oportunidade de participar do WordCamp Europe 2022, o que me levou a decidir que [&hellip;]</p>
