{"id":181,"date":"2023-11-20T15:03:15","date_gmt":"2023-11-20T15:03:15","guid":{"rendered":"https:\/\/porto.wordcamp.org\/2024\/?page_id=181"},"modified":"2024-03-04T13:45:23","modified_gmt":"2024-03-04T13:45:23","slug":"ser-orador","status":"publish","type":"page","link":"https:\/\/porto.wordcamp.org\/2024\/ser-orador\/","title":{"rendered":"Chamada a oradores"},"content":{"rendered":"\n<p class=\"wp-block-paragraph\"><em>(For english visit <a href=\"https:\/\/porto.wordcamp.org\/2024\/call-for-speakers\/\" data-type=\"page\" data-id=\"331\">Call for speakers<\/a>)<\/em><\/p>\n\n\n\n<p class=\"wp-block-paragraph\"><strong>Update: As candidaturas a orador est\u00e3o encerradas. Obrigado! Novidades em breve. <\/strong><\/p>\n\n\n\n<p class=\"wp-block-paragraph\">O WordCamp Porto est\u00e1 agendado para os dias 17 e 18 de maio, sendo o maior evento dedicado ao WordPress em Portugal em 2024. Antecipamos a presen\u00e7a de mais de 300 membros da comunidade, incluindo programadores, designers, gestores de conte\u00fado, editores, bloggers e curiosos, independentemente do seu n\u00edvel de conhecimento na plataforma.<\/p>\n\n\n\n<p class=\"wp-block-paragraph\">Estamos entusiasmados por organizar um programa abrangente de palestras e workshops, e tu podes ser um dos oradores no WordCamp Porto deste ano! Ser orador num WordCamp \u00e9 uma oportunidade \u00fanica para partilhar conhecimentos adquiridos enquanto utilizador do WordPress.<\/p>\n\n\n\n<p class=\"wp-block-paragraph\">As palestras podem ser apresentadas em portugu\u00eas, ingl\u00eas, espanhol ou galego, num dos seguintes formatos:<\/p>\n\n\n\n<ul class=\"wp-block-list\">\n<li>Rel\u00e2mpago (10 minutos no total)<\/li>\n\n\n\n<li>Normal (25 minutos + 5 minutos de perguntas e respostas)<\/li>\n\n\n\n<li>Workshop (2-4 horas)<\/li>\n<\/ul>\n\n\n\n<p class=\"wp-block-paragraph\">Estamos particularmente interessados em receber propostas de oradores que representem a diversidade da comunidade, hist\u00f3rias inspiradoras, independentemente do n\u00edvel de experi\u00eancia ou forma\u00e7\u00e3o. Para te orientares, apresentamos uma lista de t\u00f3picos que consideramos valiosos para a comunidade, mas \u00e9s livre para sugerir qualquer outro assunto relevante:<\/p>\n\n\n\n<ul class=\"wp-block-list\">\n<li>Design, UX, UI<\/li>\n\n\n\n<li>Programa\u00e7\u00e3o em WordPress<\/li>\n\n\n\n<li>Intelig\u00eancia Artificial<\/li>\n\n\n\n<li>Cria\u00e7\u00e3o e edi\u00e7\u00e3o de conte\u00fados<\/li>\n\n\n\n<li>Marketing<\/li>\n\n\n\n<li>SEO<\/li>\n\n\n\n<li>Casos de estudo ou de sucesso: neg\u00f3cios, ag\u00eancias, freelancer, empreendedorismo<\/li>\n\n\n\n<li>Comunidade e Open Source<\/li>\n\n\n\n<li>Infraestrutura, DevOps, grandes instala\u00e7\u00f5es WordPress<\/li>\n\n\n\n<li>Temas, plugins, solu\u00e7\u00f5es para problemas no WordPress<\/li>\n\n\n\n<li>Seguran\u00e7a<\/li>\n\n\n\n<li>Acessibilidade<\/li>\n\n\n\n<li>Performance<\/li>\n<\/ul>\n\n\n\n<p class=\"wp-block-paragraph\">Lembra-te de que n\u00e3o \u00e9 necess\u00e1rio seres um orador profissional; qualquer ideia ser\u00e1 bem-vinda, desde que seja inspiradora e relacionada com o WordPress. Este \u00e9 um evento organizado pela comunidade e para a comunidade!<\/p>\n\n\n\n<p class=\"wp-block-paragraph\">As candidaturas para oradores estiveram <strong>abertas at\u00e9 ao dia 2 de Mar\u00e7o<\/strong>. Se a tua candidatura for selecionada, ter\u00e1s direito a um bilhete gratuito para o WordCamp Porto e acesso a um jantar especial com os restantes oradores, patrocinadores e organizadores do evento.<\/p>\n\n\n\n<p class=\"wp-block-paragraph\">Em caso de d\u00favidas, entra em <a href=\"https:\/\/porto.wordcamp.org\/2024\/contacto\/\" data-type=\"page\" data-id=\"17\">contacto<\/a> com a nossa equipa.<\/p>\n","protected":false},"excerpt":{"rendered":"<p>(For english visit Call for speakers) Update: As candidaturas a orador est\u00e3o encerradas. Obrigado! Novidades em breve. O WordCamp Porto est\u00e1 agendado para os dias 17 e 18 de maio, sendo o maior evento dedicado ao WordPress em Portugal em 2024. Antecipamos a presen\u00e7a de mais de 300 membros da comunidade, incluindo programadores, designers, gestores [&hellip;]<\/p>\n","protected":false},"author":8433142,"featured_media":0,"parent":0,"menu_order":0,"comment_status":"closed","ping_status":"closed","template":"","meta":{"_crdt_document":"","jetpack_post_was_ever_published":false,"footnotes":""},"class_list":["post-181","page","type-page","status-publish","hentry"],"jetpack_sharing_enabled":true,"_links":{"self":[{"href":"https:\/\/porto.wordcamp.org\/2024\/wp-json\/wp\/v2\/pages\/181","targetHints":{"allow":["GET"]}}],"collection":[{"href":"https:\/\/porto.wordcamp.org\/2024\/wp-json\/wp\/v2\/pages"}],"about":[{"href":"https:\/\/porto.wordcamp.org\/2024\/wp-json\/wp\/v2\/types\/page"}],"author":[{"embeddable":true,"href":"https:\/\/porto.wordcamp.org\/2024\/wp-json\/wp\/v2\/users\/8433142"}],"replies":[{"embeddable":true,"href":"https:\/\/porto.wordcamp.org\/2024\/wp-json\/wp\/v2\/comments?post=181"}],"version-history":[{"count":22,"href":"https:\/\/porto.wordcamp.org\/2024\/wp-json\/wp\/v2\/pages\/181\/revisions"}],"predecessor-version":[{"id":1301,"href":"https:\/\/porto.wordcamp.org\/2024\/wp-json\/wp\/v2\/pages\/181\/revisions\/1301"}],"wp:attachment":[{"href":"https:\/\/porto.wordcamp.org\/2024\/wp-json\/wp\/v2\/media?parent=181"}],"curies":[{"name":"wp","href":"https:\/\/api.w.org\/{rel}","templated":true}]}}