{"id":182,"date":"2023-11-20T15:03:15","date_gmt":"2023-11-20T15:03:15","guid":{"rendered":"https:\/\/porto.wordcamp.org\/2024\/?page_id=182"},"modified":"2024-04-29T11:17:50","modified_gmt":"2024-04-29T10:17:50","slug":"localizacao","status":"publish","type":"page","link":"https:\/\/porto.wordcamp.org\/2024\/localizacao\/","title":{"rendered":"Localiza\u00e7\u00e3o"},"content":{"rendered":"\n<p class=\"wp-block-paragraph\">O WordCamp Porto 24 realiza-se de 17 a 18 de maio na Funda\u00e7\u00e3o Dr. Ant\u00f3nio Cupertino de Miranda (<a href=\"http:\/\/www.facm.pt\/facm\/facm\/pt\/index\" target=\"_blank\" rel=\"noreferrer noopener\">FACM<\/a>), no Porto, Portugal.<\/p>\n\n\n\n<p class=\"wp-block-paragraph\"><a href=\"https:\/\/maps.app.goo.gl\/GAeg2L1A3ZPzGQqs9\" target=\"_blank\" rel=\"noreferrer noopener\">Funda\u00e7\u00e3o Dr. Ant\u00f3nio Cupertino de Miranda<\/a><\/p>\n\n\n\n<p class=\"wp-block-paragraph\">[<a href=\"https:\/\/porto.wordcamp.org\/2024\/location\/\" data-type=\"page\" data-id=\"11\">English Version<\/a>]<\/p>\n\n\n\n<div class=\"wp-block-jetpack-map is-style-default\" data-map-id=\"jp-map-1\" data-map-provider=\"mapbox\" data-api-key=\"pk.eyJ1Ijoid29yZGNhbXBwb3J0byIsImEiOiJjbHJqaDd5bHIwM203MnJvYzMyMmIwNHNxIn0.h0bOAlVb91HoU3ffnx_xpg\" data-map-style=\"default\"><ul><li><a href=\"https:\/\/www.google.com\/maps\/search\/?api=1&amp;query=41.164702,-8.6732455\">Funda\u00e7\u00e3o Ant\u00f3nio Cupertino de Miranda<\/a><\/li><\/ul><\/div>\n\n\n\n<p class=\"wp-block-paragraph\"><em>Av. da Boavista 4245<\/em><br><em>4100-140 Porto, Portugal<\/em><\/p>\n\n\n\n<figure data-wp-context=\"{&quot;galleryId&quot;:&quot;69e75af5c8558&quot;}\" data-wp-interactive=\"core\/gallery\" class=\"wp-block-gallery has-nested-images columns-default is-cropped wp-block-gallery-2 is-layout-flex wp-block-gallery-is-layout-flex\">\n<figure data-wp-context=\"{&quot;imageId&quot;:&quot;69e75af5cc95c&quot;}\" data-wp-interactive=\"core\/image\" data-wp-key=\"69e75af5cc95c\" class=\"wp-block-image size-large wp-lightbox-container\"><img loading=\"lazy\" decoding=\"async\" width=\"1024\" height=\"576\" data-wp-class--hide=\"state.isContentHidden\" data-wp-class--show=\"state.isContentVisible\" data-wp-init=\"callbacks.setButtonStyles\" data-wp-on--click=\"actions.showLightbox\" data-wp-on--load=\"callbacks.setButtonStyles\" data-wp-on--pointerdown=\"actions.preloadImage\" data-wp-on--pointerenter=\"actions.preloadImageWithDelay\" data-wp-on--pointerleave=\"actions.cancelPreload\" data-wp-on-window--resize=\"callbacks.setButtonStyles\" data-id=\"714\" src=\"https:\/\/porto.wordcamp.org\/2024\/files\/2024\/01\/image-2-1024x576.png\" alt=\"\" class=\"wp-image-714\" srcset=\"https:\/\/porto.wordcamp.org\/2024\/files\/2024\/01\/image-2-1024x576.png 1024w, https:\/\/porto.wordcamp.org\/2024\/files\/2024\/01\/image-2-300x169.png 300w, https:\/\/porto.wordcamp.org\/2024\/files\/2024\/01\/image-2-768x432.png 768w, https:\/\/porto.wordcamp.org\/2024\/files\/2024\/01\/image-2-500x281.png 500w, https:\/\/porto.wordcamp.org\/2024\/files\/2024\/01\/image-2.png 1360w\" sizes=\"auto, (max-width: 1024px) 100vw, 1024px\" \/><button\n\t\t\tclass=\"lightbox-trigger\"\n\t\t\ttype=\"button\"\n\t\t\taria-haspopup=\"dialog\"\n\t\t\tdata-wp-bind--aria-label=\"state.thisImage.triggerButtonAriaLabel\"\n\t\t\tdata-wp-init=\"callbacks.initTriggerButton\"\n\t\t\tdata-wp-on--click=\"actions.showLightbox\"\n\t\t\tdata-wp-style--right=\"state.thisImage.buttonRight\"\n\t\t\tdata-wp-style--top=\"state.thisImage.buttonTop\"\n\t\t>\n\t\t\t<svg xmlns=\"http:\/\/www.w3.org\/2000\/svg\" width=\"12\" height=\"12\" fill=\"none\" viewBox=\"0 0 12 12\">\n\t\t\t\t<path fill=\"#fff\" d=\"M2 0a2 2 0 0 0-2 2v2h1.5V2a.5.5 0 0 1 .5-.5h2V0H2Zm2 10.5H2a.5.5 0 0 1-.5-.5V8H0v2a2 2 0 0 0 2 2h2v-1.5ZM8 12v-1.5h2a.5.5 0 0 0 .5-.5V8H12v2a2 2 0 0 1-2 2H8Zm2-12a2 2 0 0 1 2 2v2h-1.5V2a.5.5 0 0 0-.5-.5H8V0h2Z\" \/>\n\t\t\t<\/svg>\n\t\t<\/button><\/figure>\n\n\n\n<figure data-wp-context=\"{&quot;imageId&quot;:&quot;69e75af5cd178&quot;}\" data-wp-interactive=\"core\/image\" data-wp-key=\"69e75af5cd178\" class=\"wp-block-image size-large wp-lightbox-container\"><img loading=\"lazy\" decoding=\"async\" width=\"1024\" height=\"683\" data-wp-class--hide=\"state.isContentHidden\" data-wp-class--show=\"state.isContentVisible\" data-wp-init=\"callbacks.setButtonStyles\" data-wp-on--click=\"actions.showLightbox\" data-wp-on--load=\"callbacks.setButtonStyles\" data-wp-on--pointerdown=\"actions.preloadImage\" data-wp-on--pointerenter=\"actions.preloadImageWithDelay\" data-wp-on--pointerleave=\"actions.cancelPreload\" data-wp-on-window--resize=\"callbacks.setButtonStyles\" data-id=\"713\" src=\"https:\/\/porto.wordcamp.org\/2024\/files\/2024\/01\/image-1-1024x683.png\" alt=\"\" class=\"wp-image-713\" srcset=\"https:\/\/porto.wordcamp.org\/2024\/files\/2024\/01\/image-1-1024x683.png 1024w, https:\/\/porto.wordcamp.org\/2024\/files\/2024\/01\/image-1-300x200.png 300w, https:\/\/porto.wordcamp.org\/2024\/files\/2024\/01\/image-1-768x512.png 768w, https:\/\/porto.wordcamp.org\/2024\/files\/2024\/01\/image-1-450x300.png 450w, https:\/\/porto.wordcamp.org\/2024\/files\/2024\/01\/image-1.png 1360w\" sizes=\"auto, (max-width: 1024px) 100vw, 1024px\" \/><button\n\t\t\tclass=\"lightbox-trigger\"\n\t\t\ttype=\"button\"\n\t\t\taria-haspopup=\"dialog\"\n\t\t\tdata-wp-bind--aria-label=\"state.thisImage.triggerButtonAriaLabel\"\n\t\t\tdata-wp-init=\"callbacks.initTriggerButton\"\n\t\t\tdata-wp-on--click=\"actions.showLightbox\"\n\t\t\tdata-wp-style--right=\"state.thisImage.buttonRight\"\n\t\t\tdata-wp-style--top=\"state.thisImage.buttonTop\"\n\t\t>\n\t\t\t<svg xmlns=\"http:\/\/www.w3.org\/2000\/svg\" width=\"12\" height=\"12\" fill=\"none\" viewBox=\"0 0 12 12\">\n\t\t\t\t<path fill=\"#fff\" d=\"M2 0a2 2 0 0 0-2 2v2h1.5V2a.5.5 0 0 1 .5-.5h2V0H2Zm2 10.5H2a.5.5 0 0 1-.5-.5V8H0v2a2 2 0 0 0 2 2h2v-1.5ZM8 12v-1.5h2a.5.5 0 0 0 .5-.5V8H12v2a2 2 0 0 1-2 2H8Zm2-12a2 2 0 0 1 2 2v2h-1.5V2a.5.5 0 0 0-.5-.5H8V0h2Z\" \/>\n\t\t\t<\/svg>\n\t\t<\/button><\/figure>\n\n\n\n<figure data-wp-context=\"{&quot;imageId&quot;:&quot;69e75af5cd98d&quot;}\" data-wp-interactive=\"core\/image\" data-wp-key=\"69e75af5cd98d\" class=\"wp-block-image size-large wp-lightbox-container\"><img loading=\"lazy\" decoding=\"async\" width=\"1024\" height=\"680\" data-wp-class--hide=\"state.isContentHidden\" data-wp-class--show=\"state.isContentVisible\" data-wp-init=\"callbacks.setButtonStyles\" data-wp-on--click=\"actions.showLightbox\" data-wp-on--load=\"callbacks.setButtonStyles\" data-wp-on--pointerdown=\"actions.preloadImage\" data-wp-on--pointerenter=\"actions.preloadImageWithDelay\" data-wp-on--pointerleave=\"actions.cancelPreload\" data-wp-on-window--resize=\"callbacks.setButtonStyles\" data-id=\"742\" src=\"https:\/\/porto.wordcamp.org\/2024\/files\/2024\/01\/Hall.jpeg\" alt=\"\" class=\"wp-image-742\" srcset=\"https:\/\/porto.wordcamp.org\/2024\/files\/2024\/01\/Hall.jpeg 1024w, https:\/\/porto.wordcamp.org\/2024\/files\/2024\/01\/Hall-300x199.jpeg 300w, https:\/\/porto.wordcamp.org\/2024\/files\/2024\/01\/Hall-768x510.jpeg 768w, https:\/\/porto.wordcamp.org\/2024\/files\/2024\/01\/Hall-452x300.jpeg 452w\" sizes=\"auto, (max-width: 1024px) 100vw, 1024px\" \/><button\n\t\t\tclass=\"lightbox-trigger\"\n\t\t\ttype=\"button\"\n\t\t\taria-haspopup=\"dialog\"\n\t\t\tdata-wp-bind--aria-label=\"state.thisImage.triggerButtonAriaLabel\"\n\t\t\tdata-wp-init=\"callbacks.initTriggerButton\"\n\t\t\tdata-wp-on--click=\"actions.showLightbox\"\n\t\t\tdata-wp-style--right=\"state.thisImage.buttonRight\"\n\t\t\tdata-wp-style--top=\"state.thisImage.buttonTop\"\n\t\t>\n\t\t\t<svg xmlns=\"http:\/\/www.w3.org\/2000\/svg\" width=\"12\" height=\"12\" fill=\"none\" viewBox=\"0 0 12 12\">\n\t\t\t\t<path fill=\"#fff\" d=\"M2 0a2 2 0 0 0-2 2v2h1.5V2a.5.5 0 0 1 .5-.5h2V0H2Zm2 10.5H2a.5.5 0 0 1-.5-.5V8H0v2a2 2 0 0 0 2 2h2v-1.5ZM8 12v-1.5h2a.5.5 0 0 0 .5-.5V8H12v2a2 2 0 0 1-2 2H8Zm2-12a2 2 0 0 1 2 2v2h-1.5V2a.5.5 0 0 0-.5-.5H8V0h2Z\" \/>\n\t\t\t<\/svg>\n\t\t<\/button><\/figure>\n\n\n\n<figure data-wp-context=\"{&quot;imageId&quot;:&quot;69e75af5ce339&quot;}\" data-wp-interactive=\"core\/image\" data-wp-key=\"69e75af5ce339\" class=\"wp-block-image size-large wp-lightbox-container\"><img loading=\"lazy\" decoding=\"async\" width=\"1024\" height=\"656\" data-wp-class--hide=\"state.isContentHidden\" data-wp-class--show=\"state.isContentVisible\" data-wp-init=\"callbacks.setButtonStyles\" data-wp-on--click=\"actions.showLightbox\" data-wp-on--load=\"callbacks.setButtonStyles\" data-wp-on--pointerdown=\"actions.preloadImage\" data-wp-on--pointerenter=\"actions.preloadImageWithDelay\" data-wp-on--pointerleave=\"actions.cancelPreload\" data-wp-on-window--resize=\"callbacks.setButtonStyles\" data-id=\"743\" src=\"https:\/\/porto.wordcamp.org\/2024\/files\/2024\/01\/AudI1.jpeg\" alt=\"\" class=\"wp-image-743\" srcset=\"https:\/\/porto.wordcamp.org\/2024\/files\/2024\/01\/AudI1.jpeg 1024w, https:\/\/porto.wordcamp.org\/2024\/files\/2024\/01\/AudI1-300x192.jpeg 300w, https:\/\/porto.wordcamp.org\/2024\/files\/2024\/01\/AudI1-768x492.jpeg 768w, https:\/\/porto.wordcamp.org\/2024\/files\/2024\/01\/AudI1-468x300.jpeg 468w\" sizes=\"auto, (max-width: 1024px) 100vw, 1024px\" \/><button\n\t\t\tclass=\"lightbox-trigger\"\n\t\t\ttype=\"button\"\n\t\t\taria-haspopup=\"dialog\"\n\t\t\tdata-wp-bind--aria-label=\"state.thisImage.triggerButtonAriaLabel\"\n\t\t\tdata-wp-init=\"callbacks.initTriggerButton\"\n\t\t\tdata-wp-on--click=\"actions.showLightbox\"\n\t\t\tdata-wp-style--right=\"state.thisImage.buttonRight\"\n\t\t\tdata-wp-style--top=\"state.thisImage.buttonTop\"\n\t\t>\n\t\t\t<svg xmlns=\"http:\/\/www.w3.org\/2000\/svg\" width=\"12\" height=\"12\" fill=\"none\" viewBox=\"0 0 12 12\">\n\t\t\t\t<path fill=\"#fff\" d=\"M2 0a2 2 0 0 0-2 2v2h1.5V2a.5.5 0 0 1 .5-.5h2V0H2Zm2 10.5H2a.5.5 0 0 1-.5-.5V8H0v2a2 2 0 0 0 2 2h2v-1.5ZM8 12v-1.5h2a.5.5 0 0 0 .5-.5V8H12v2a2 2 0 0 1-2 2H8Zm2-12a2 2 0 0 1 2 2v2h-1.5V2a.5.5 0 0 0-.5-.5H8V0h2Z\" \/>\n\t\t\t<\/svg>\n\t\t<\/button><\/figure>\n\n\n\n<figure data-wp-context=\"{&quot;imageId&quot;:&quot;69e75af5ceae3&quot;}\" data-wp-interactive=\"core\/image\" data-wp-key=\"69e75af5ceae3\" class=\"wp-block-image size-large wp-lightbox-container\"><img loading=\"lazy\" decoding=\"async\" width=\"1024\" height=\"668\" data-wp-class--hide=\"state.isContentHidden\" data-wp-class--show=\"state.isContentVisible\" data-wp-init=\"callbacks.setButtonStyles\" data-wp-on--click=\"actions.showLightbox\" data-wp-on--load=\"callbacks.setButtonStyles\" data-wp-on--pointerdown=\"actions.preloadImage\" data-wp-on--pointerenter=\"actions.preloadImageWithDelay\" data-wp-on--pointerleave=\"actions.cancelPreload\" data-wp-on-window--resize=\"callbacks.setButtonStyles\" data-id=\"744\" src=\"https:\/\/porto.wordcamp.org\/2024\/files\/2024\/01\/SalaA1.jpeg\" alt=\"\" class=\"wp-image-744\" srcset=\"https:\/\/porto.wordcamp.org\/2024\/files\/2024\/01\/SalaA1.jpeg 1024w, https:\/\/porto.wordcamp.org\/2024\/files\/2024\/01\/SalaA1-300x196.jpeg 300w, https:\/\/porto.wordcamp.org\/2024\/files\/2024\/01\/SalaA1-768x501.jpeg 768w, https:\/\/porto.wordcamp.org\/2024\/files\/2024\/01\/SalaA1-460x300.jpeg 460w\" sizes=\"auto, (max-width: 1024px) 100vw, 1024px\" \/><button\n\t\t\tclass=\"lightbox-trigger\"\n\t\t\ttype=\"button\"\n\t\t\taria-haspopup=\"dialog\"\n\t\t\tdata-wp-bind--aria-label=\"state.thisImage.triggerButtonAriaLabel\"\n\t\t\tdata-wp-init=\"callbacks.initTriggerButton\"\n\t\t\tdata-wp-on--click=\"actions.showLightbox\"\n\t\t\tdata-wp-style--right=\"state.thisImage.buttonRight\"\n\t\t\tdata-wp-style--top=\"state.thisImage.buttonTop\"\n\t\t>\n\t\t\t<svg xmlns=\"http:\/\/www.w3.org\/2000\/svg\" width=\"12\" height=\"12\" fill=\"none\" viewBox=\"0 0 12 12\">\n\t\t\t\t<path fill=\"#fff\" d=\"M2 0a2 2 0 0 0-2 2v2h1.5V2a.5.5 0 0 1 .5-.5h2V0H2Zm2 10.5H2a.5.5 0 0 1-.5-.5V8H0v2a2 2 0 0 0 2 2h2v-1.5ZM8 12v-1.5h2a.5.5 0 0 0 .5-.5V8H12v2a2 2 0 0 1-2 2H8Zm2-12a2 2 0 0 1 2 2v2h-1.5V2a.5.5 0 0 0-.5-.5H8V0h2Z\" \/>\n\t\t\t<\/svg>\n\t\t<\/button><\/figure>\n<\/figure>\n\n\n\n<p class=\"wp-block-paragraph\">Situada na Avenida Boavista, uma das principais avenidas do Porto, a Funda\u00e7\u00e3o Dr. Ant\u00f3nio Cupertino de Miranda (<a href=\"http:\/\/www.facm.pt\/facm\/facm\/pt\/index\" target=\"_blank\" rel=\"noreferrer noopener\">FACM<\/a>) \u00e9 um espa\u00e7o contempor\u00e2neo e vers\u00e1til, com acessibilidades para pessoas com mobilidade reduzida. \u00c0 sua frente encontra-se o Parque da Cidade, adornado com \u00e1rvores ex\u00f3ticas, arbustos, lagos tranquilos, caminhos e fontes, o maior parque urbano da cidade do Porto. A 1,5km encontra-se outro ponto tur\u00edstico do Porto, o Castelo do Queijo, que est\u00e1 rodeado de praias e restaurantes \u00e0 beira mar.<\/p>\n\n\n\n<h2 class=\"wp-block-heading\"><strong>Como chegar<\/strong><\/h2>\n\n\n\n<h3 class=\"wp-block-heading\"><strong>\ud83d\udeec Avi\u00e3o<\/strong><\/h3>\n\n\n\n<p class=\"wp-block-paragraph\">Aeroporto do Porto (<a href=\"https:\/\/www.aeroportoporto.pt\/pt\/opo\/home\">OPO<\/a>);<\/p>\n\n\n\n<ul class=\"wp-block-list\">\n<li>Se apanhar o Metro, dirigir-se a esta\u00e7\u00e3o de metro Aeroporto (linha roxa E) e descer na esta\u00e7\u00e3o da Casa da M\u00fasica a partir daqui pode:\n<ul class=\"wp-block-list\">\n<li>caminhar 4 km pela Avenida da Boavista;<\/li>\n\n\n\n<li>ou apanhar T\u00e1xis ou TVDE (Uber, Bolt);<\/li>\n\n\n\n<li>ou apanhar um dos autocarros abaixo e descer paragem \u201dParque da Cidade\u201d:<\/li>\n<\/ul>\n<\/li>\n<\/ul>\n\n\n\n<figure class=\"wp-block-image size-full\"><img loading=\"lazy\" decoding=\"async\" width=\"627\" height=\"151\" src=\"https:\/\/porto.wordcamp.org\/2024\/files\/2024\/01\/image-3.png\" alt=\"\" class=\"wp-image-715\" srcset=\"https:\/\/porto.wordcamp.org\/2024\/files\/2024\/01\/image-3.png 627w, https:\/\/porto.wordcamp.org\/2024\/files\/2024\/01\/image-3-300x72.png 300w, https:\/\/porto.wordcamp.org\/2024\/files\/2024\/01\/image-3-500x120.png 500w\" sizes=\"auto, (max-width: 627px) 100vw, 627px\" \/><\/figure>\n\n\n\n<h3 class=\"wp-block-heading\">\ud83d\ude88 <strong>Metro<\/strong><\/h3>\n\n\n\n<p class=\"wp-block-paragraph\">Neste momento h\u00e1 6 linhas de Metro que cobrem o grande Porto (Gaia, Gondomar, Maia, Matosinhos, Porto, Trofa). A esta\u00e7\u00e3o de Metro mais pr\u00f3xima \u00e9 a \u201cCasa da M\u00fasica\u201d, servida pelas linhas A, B, C, E e F. A partir da Casa da M\u00fasica pode:<\/p>\n\n\n\n<ul class=\"wp-block-list\">\n<li>caminhar 4 km pela Avenida da Boavista;<\/li>\n\n\n\n<li>ou apanhar T\u00e1xis ou TVDE (Uber, Bolt);<\/li>\n\n\n\n<li>ou apanhar um dos autocarros abaixo e descer na paragem \u201dParque da Cidade\u201d:<\/li>\n<\/ul>\n\n\n\n<figure class=\"wp-block-image\"><img decoding=\"async\" src=\"https:\/\/lh7-us.googleusercontent.com\/daGKPXTOk8pDKHSiVSeeWs8aXsMITHIEwZX5GQ8BCps2Y7DeXrQnXSl0WqKMoLH8JgQn1zNz-5_BPLCvwdUu3W3i6Y98nwHu4BYy34Wmip6wqPcNYo1-sILAygm53heBw5J04tOImYawnWgc8nrmiNs\" alt=\"\" \/><\/figure>\n\n\n\n<p class=\"wp-block-paragraph\"><img loading=\"lazy\" decoding=\"async\" src=\"https:\/\/lh7-us.googleusercontent.com\/E9Wrcg-qZ1W4tBMwQ7TrtT15uy9WBGay8AeiVbXTWMF7TMGq_SdQyNCE_SAR-IthbSmRvFGf8OsV_iylVPqse04K7OHiyBukI0IqBoCSD1VKJcBIpNE2bsd9IZbhGsUJPvcZr7ldczdhKTPN39hltq4\" width=\"500\" height=\"208\"><\/p>\n\n\n\n<p class=\"wp-block-paragraph\">Mais informa\u00e7\u00f5es <a href=\"https:\/\/www.metrodoporto.pt\/\">Metro do Porto &#8211; A Vida em Movimento<\/a><\/p>\n\n\n\n<h3 class=\"wp-block-heading\"><strong>\ud83d\ude8c Autocarro&nbsp;<\/strong><\/h3>\n\n\n\n<ul class=\"wp-block-list\">\n<li>Apanhar os autocarros da STCP e sair na paragem \u201dParque da Cidade\u201d:<\/li>\n<\/ul>\n\n\n\n<figure class=\"wp-block-image size-full\"><img loading=\"lazy\" decoding=\"async\" width=\"615\" height=\"379\" src=\"https:\/\/porto.wordcamp.org\/2024\/files\/2024\/01\/image-4.png\" alt=\"\" class=\"wp-image-716\" srcset=\"https:\/\/porto.wordcamp.org\/2024\/files\/2024\/01\/image-4.png 615w, https:\/\/porto.wordcamp.org\/2024\/files\/2024\/01\/image-4-300x185.png 300w, https:\/\/porto.wordcamp.org\/2024\/files\/2024\/01\/image-4-487x300.png 487w\" sizes=\"auto, (max-width: 615px) 100vw, 615px\" \/><\/figure>\n\n\n\n<figure class=\"wp-block-image size-full\"><img loading=\"lazy\" decoding=\"async\" width=\"600\" height=\"405\" src=\"https:\/\/porto.wordcamp.org\/2024\/files\/2024\/01\/image-5.png\" alt=\"\" class=\"wp-image-717\" srcset=\"https:\/\/porto.wordcamp.org\/2024\/files\/2024\/01\/image-5.png 600w, https:\/\/porto.wordcamp.org\/2024\/files\/2024\/01\/image-5-300x203.png 300w, https:\/\/porto.wordcamp.org\/2024\/files\/2024\/01\/image-5-444x300.png 444w\" sizes=\"auto, (max-width: 600px) 100vw, 600px\" \/><\/figure>\n\n\n\n<figure class=\"wp-block-image size-full\"><img loading=\"lazy\" decoding=\"async\" width=\"600\" height=\"89\" src=\"https:\/\/porto.wordcamp.org\/2024\/files\/2024\/01\/image-6.png\" alt=\"\" class=\"wp-image-718\" srcset=\"https:\/\/porto.wordcamp.org\/2024\/files\/2024\/01\/image-6.png 600w, https:\/\/porto.wordcamp.org\/2024\/files\/2024\/01\/image-6-300x45.png 300w, https:\/\/porto.wordcamp.org\/2024\/files\/2024\/01\/image-6-500x74.png 500w\" sizes=\"auto, (max-width: 600px) 100vw, 600px\" \/><\/figure>\n\n\n\n<p class=\"wp-block-paragraph\">Mais informa\u00e7\u00f5es <a href=\"https:\/\/www.stcp.pt\/pt\/viajar\/\" target=\"_blank\" rel=\"noreferrer noopener\">STCP<\/a><\/p>\n\n\n\n<h3 class=\"wp-block-heading\">\ud83d\udef4 <strong>Trotineta ou bicicleta<\/strong><\/h3>\n\n\n\n<p class=\"wp-block-paragraph\">A cidade do Porto tem uma rede de operadores, p\u00fablicos e privados, de solu\u00e7\u00f5es de trotinetas ou bicicletas partilhadas. No fim da viagem verifique a zona autorizada de estacionamento.<\/p>\n\n\n\n<h3 class=\"wp-block-heading\">\ud83d\ude95<strong>T\u00e1xi \/ TVDE<\/strong><\/h3>\n\n\n\n<p class=\"wp-block-paragraph\">Por t\u00e1xi ou TVDE pode-se deslocar ao destino Funda\u00e7\u00e3o Dr. Ant\u00f3nio Cupertino de Miranda (<a href=\"http:\/\/www.facm.pt\/facm\/facm\/pt\/index\">FACM<\/a>).<\/p>\n\n\n\n<h3 class=\"wp-block-heading\"><strong>\ud83d\udee4\ufe0f Comboio<\/strong><\/h3>\n\n\n\n<p class=\"wp-block-paragraph\">A partir da Esta\u00e7\u00e3o de Comboio Campanh\u00e3 pode-se:&nbsp;<\/p>\n\n\n\n<ul class=\"wp-block-list\">\n<li>apanhar T\u00e1xis ou TVDE (Uber, Bolt);<\/li>\n\n\n\n<li>ou apanhar um metro at\u00e9 a Casa da M\u00fasica e depois um dos autocarros abaixo e descer paragem \u201dParque da Cidade\u201d:<\/li>\n<\/ul>\n\n\n\n<figure class=\"wp-block-image size-full\"><img loading=\"lazy\" decoding=\"async\" width=\"627\" height=\"151\" src=\"https:\/\/porto.wordcamp.org\/2024\/files\/2024\/01\/image-7.png\" alt=\"\" class=\"wp-image-719\" srcset=\"https:\/\/porto.wordcamp.org\/2024\/files\/2024\/01\/image-7.png 627w, https:\/\/porto.wordcamp.org\/2024\/files\/2024\/01\/image-7-300x72.png 300w, https:\/\/porto.wordcamp.org\/2024\/files\/2024\/01\/image-7-500x120.png 500w\" sizes=\"auto, (max-width: 627px) 100vw, 627px\" \/><\/figure>\n\n\n\n<h3 class=\"wp-block-heading\"><strong>\ud83d\ude97 Viatura pr\u00f3pria<\/strong><\/h3>\n\n\n\n<p class=\"wp-block-paragraph\">Caso se desloque com viatura pr\u00f3pria \u00e0 Funda\u00e7\u00e3o Dr. Ant\u00f3nio Cupertino de Miranda, tem estacionamento na Avenida da Boavista \u00e0 frente ou ao lado do Parque da Cidade.<\/p>\n\n\n\n<div style=\"height:100px\" aria-hidden=\"true\" class=\"wp-block-spacer\"><\/div>\n\n\n\n<h2 class=\"wp-block-heading\"><strong>Onde Ficar<\/strong><\/h2>\n\n\n\n<h2 class=\"wp-block-heading\">HF Ipanema Park<\/h2>\n\n\n\n<div class=\"wp-block-media-text is-stacked-on-mobile is-image-fill\"><figure class=\"wp-block-media-text__media\" style=\"background-image:url(https:\/\/porto.wordcamp.org\/2024\/files\/2024\/04\/Hf-Ipanema-Porto-Hotel-Exterior-683x1024.jpeg);background-position:50% 50%\"><img loading=\"lazy\" decoding=\"async\" width=\"683\" height=\"1024\" src=\"https:\/\/porto.wordcamp.org\/2024\/files\/2024\/04\/Hf-Ipanema-Porto-Hotel-Exterior-683x1024.jpeg\" alt=\"\" class=\"wp-image-6565 size-full\" srcset=\"https:\/\/porto.wordcamp.org\/2024\/files\/2024\/04\/Hf-Ipanema-Porto-Hotel-Exterior-683x1024.jpeg 683w, https:\/\/porto.wordcamp.org\/2024\/files\/2024\/04\/Hf-Ipanema-Porto-Hotel-Exterior-200x300.jpeg 200w, https:\/\/porto.wordcamp.org\/2024\/files\/2024\/04\/Hf-Ipanema-Porto-Hotel-Exterior-768x1152.jpeg 768w, https:\/\/porto.wordcamp.org\/2024\/files\/2024\/04\/Hf-Ipanema-Porto-Hotel-Exterior-1024x1536.jpeg 1024w, https:\/\/porto.wordcamp.org\/2024\/files\/2024\/04\/Hf-Ipanema-Porto-Hotel-Exterior-1365x2048.jpeg 1365w, https:\/\/porto.wordcamp.org\/2024\/files\/2024\/04\/Hf-Ipanema-Porto-Hotel-Exterior-scaled.jpeg 1707w\" sizes=\"auto, (max-width: 683px) 100vw, 683px\" \/><\/figure><div class=\"wp-block-media-text__content\">\n<figure class=\"wp-block-table\"><table class=\"has-fixed-layout\"><tbody><tr><td>Morada<\/td><td>Estrelas<\/td><td>dist\u00e2ncia<\/td><\/tr><tr><td>R. de Serralves 124Porto<\/td><td>\u2b50\u2b50\u2b50\u2b50<\/td><td>2,9 km<\/td><\/tr><\/tbody><\/table><\/figure>\n<\/div><\/div>\n\n\n\n<p class=\"wp-block-paragraph\">Este hotel atribuiu um desconto de 10% na tarifa para qualquer participante do WordCamp Porto.&nbsp;<\/p>\n\n\n\n<p class=\"wp-block-paragraph\"><a href=\"https:\/\/wordcampporto2024.hfhotels.com\" target=\"_blank\" rel=\"noreferrer noopener\">https:\/\/wordcampporto2024.hfhotels.com<\/a><\/p>\n\n\n\n<p class=\"wp-block-paragraph\">O desconto de 10% encontra-se j\u00e1 aplicado nas tarifas apresentadas.<\/p>\n\n\n\n<div style=\"height:50px\" aria-hidden=\"true\" class=\"wp-block-spacer\"><\/div>\n\n\n\n<h2 class=\"wp-block-heading\">Vila Foz Hotel &amp; Spa<\/h2>\n\n\n\n<div class=\"wp-block-media-text is-stacked-on-mobile\"><figure class=\"wp-block-media-text__media\"><img loading=\"lazy\" decoding=\"async\" width=\"1024\" height=\"576\" src=\"https:\/\/porto.wordcamp.org\/2024\/files\/2024\/04\/vila-foz-hotel-amp-spa-hotelexterior_1_easy-resize.com_-1024x576.jpg\" alt=\"\" class=\"wp-image-6564 size-full\" srcset=\"https:\/\/porto.wordcamp.org\/2024\/files\/2024\/04\/vila-foz-hotel-amp-spa-hotelexterior_1_easy-resize.com_-1024x576.jpg 1024w, https:\/\/porto.wordcamp.org\/2024\/files\/2024\/04\/vila-foz-hotel-amp-spa-hotelexterior_1_easy-resize.com_-300x169.jpg 300w, https:\/\/porto.wordcamp.org\/2024\/files\/2024\/04\/vila-foz-hotel-amp-spa-hotelexterior_1_easy-resize.com_-768x432.jpg 768w, https:\/\/porto.wordcamp.org\/2024\/files\/2024\/04\/vila-foz-hotel-amp-spa-hotelexterior_1_easy-resize.com_-500x281.jpg 500w, https:\/\/porto.wordcamp.org\/2024\/files\/2024\/04\/vila-foz-hotel-amp-spa-hotelexterior_1_easy-resize.com_.jpg 1280w\" sizes=\"auto, (max-width: 1024px) 100vw, 1024px\" \/><\/figure><div class=\"wp-block-media-text__content\">\n<div class=\"wp-block-group is-nowrap is-layout-flex wp-container-core-group-is-layout-3a88641f wp-block-group-is-layout-flex\">\n<figure class=\"wp-block-table\"><table class=\"has-fixed-layout\"><tbody><tr><td>Morada<\/td><td>Estrelas<\/td><td>dist\u00e2ncia<\/td><\/tr><tr><td>Av. de Montevideu 236 Porto<\/td><td>\u2b50\u2b50\u2b50\u2b50\u2b50<\/td><td>2,2 km<\/td><\/tr><\/tbody><\/table><\/figure>\n<\/div>\n<\/div><\/div>\n\n\n\n<p class=\"wp-block-paragraph\">Este hotel atribuiu um desconto de 10% na tarifa para qualquer participante do WordCamp Porto.<\/p>\n\n\n\n<p class=\"wp-block-paragraph\"><\/p>\n","protected":false},"excerpt":{"rendered":"<p>O WordCamp Porto 24 realiza-se de 17 a 18 de maio na Funda\u00e7\u00e3o Dr. Ant\u00f3nio Cupertino de Miranda (FACM), no Porto, Portugal. Funda\u00e7\u00e3o Dr. Ant\u00f3nio Cupertino de Miranda [English Version] Av. da Boavista 42454100-140 Porto, Portugal Situada na Avenida Boavista, uma das principais avenidas do Porto, a Funda\u00e7\u00e3o Dr. Ant\u00f3nio Cupertino de Miranda (FACM) \u00e9 [&hellip;]<\/p>\n","protected":false},"author":8433142,"featured_media":0,"parent":0,"menu_order":0,"comment_status":"closed","ping_status":"closed","template":"","meta":{"_crdt_document":"","jetpack_post_was_ever_published":false,"footnotes":""},"class_list":["post-182","page","type-page","status-publish","hentry"],"jetpack_sharing_enabled":true,"_links":{"self":[{"href":"https:\/\/porto.wordcamp.org\/2024\/wp-json\/wp\/v2\/pages\/182","targetHints":{"allow":["GET"]}}],"collection":[{"href":"https:\/\/porto.wordcamp.org\/2024\/wp-json\/wp\/v2\/pages"}],"about":[{"href":"https:\/\/porto.wordcamp.org\/2024\/wp-json\/wp\/v2\/types\/page"}],"author":[{"embeddable":true,"href":"https:\/\/porto.wordcamp.org\/2024\/wp-json\/wp\/v2\/users\/8433142"}],"replies":[{"embeddable":true,"href":"https:\/\/porto.wordcamp.org\/2024\/wp-json\/wp\/v2\/comments?post=182"}],"version-history":[{"count":14,"href":"https:\/\/porto.wordcamp.org\/2024\/wp-json\/wp\/v2\/pages\/182\/revisions"}],"predecessor-version":[{"id":16018,"href":"https:\/\/porto.wordcamp.org\/2024\/wp-json\/wp\/v2\/pages\/182\/revisions\/16018"}],"wp:attachment":[{"href":"https:\/\/porto.wordcamp.org\/2024\/wp-json\/wp\/v2\/media?parent=182"}],"curies":[{"name":"wp","href":"https:\/\/api.w.org\/{rel}","templated":true}]}}