{"id":7385,"date":"2024-05-06T10:02:52","date_gmt":"2024-05-06T09:02:52","guid":{"rendered":"https:\/\/porto.wordcamp.org\/2024\/?page_id=7385"},"modified":"2024-05-06T10:02:52","modified_gmt":"2024-05-06T09:02:52","slug":"wapuu-rabelo","status":"publish","type":"page","link":"https:\/\/porto.wordcamp.org\/2024\/wapuu-rabelo\/","title":{"rendered":"Wapuu Rabelo"},"content":{"rendered":"\n<figure class=\"wp-block-image aligncenter size-full\"><img loading=\"lazy\" decoding=\"async\" width=\"470\" height=\"511\" src=\"https:\/\/porto.wordcamp.org\/2024\/files\/2024\/05\/wapuu-rabelo-ze-manel.png\" alt=\"\" class=\"wp-image-7386\" srcset=\"https:\/\/porto.wordcamp.org\/2024\/files\/2024\/05\/wapuu-rabelo-ze-manel.png 470w, https:\/\/porto.wordcamp.org\/2024\/files\/2024\/05\/wapuu-rabelo-ze-manel-276x300.png 276w\" sizes=\"auto, (max-width: 470px) 100vw, 470px\" \/><\/figure>\n\n\n\n<p>Em 2016 surgia o <strong>Z\u00e9 Manel<\/strong>. O Wapuu Rabelo da comunidade WordPress do Porto que ainda anda por a\u00ed. Talvez o encontres no WordCamp Porto 2024 \ud83d\ude42 <\/p>\n\n\n\n<p>O Wapuu, a mascote dos eventos WordPress, teve origem na criatividade e colabora\u00e7\u00e3o da comunidade WordPress no Jap\u00e3o em 2009. Inicialmente concebido como um logotipo tempor\u00e1rio para um evento, o Wapuu rapidamente conquistou a comunidade. <\/p>\n\n\n\n<p>Desenvolvido por Kazuko Kaneuchi, o Wapuu \u00e9 uma fus\u00e3o \u00fanica de um p\u00e1ssaro, um gato e um personagem kawaii japon\u00eas, refletindo a diversidade e a inclus\u00e3o que s\u00e3o fundamentais para a filosofia do WordPress. <\/p>\n\n\n\n<p>Desde ent\u00e3o, o Wapuu tornou-se uma figura emblem\u00e1tica n\u00e3o apenas para os eventos do WordPress, mas para toda a comunidade global, representando os valores de conex\u00e3o, colabora\u00e7\u00e3o e divers\u00e3o que definem o universo WordPress.<\/p>\n\n\n\n<p>Texto original de 2016:<\/p>\n\n\n\n<blockquote class=\"wp-block-quote is-style-plain is-layout-flow wp-block-quote-is-layout-flow is-style-plain--1\">\n<p>De s\u00edmbolo da comunidade japonesa de WordPress, o Wapuu tornou-se numa mascote um pouco por todo o lado. Quase n\u00e3o h\u00e1 WordCamp que n\u00e3o tenha o boneco adaptado \u00e0 sua localiza\u00e7\u00e3o, tradi\u00e7\u00f5es e costumes.<\/p>\n\n\n\n<p>No WordCamp do Porto decidimos tamb\u00e9m adoptar o Wapuu. E como qualquer adop\u00e7\u00e3o bem sucedida tratamos de escolher um nome. N\u00e3o foi f\u00e1cil, convenhamos.<\/p>\n\n\n\n<p>Os v\u00e1rios elementos da \u2018fam\u00edlia\u2019 apresentaram sugest\u00f5es diversas, houve forte debate ideol\u00f3gico, at\u00e9 que, por fim, chegamos a uma solu\u00e7\u00e3o de consenso.<\/p>\n\n\n\n<p>Seguindo a linha de identidade dos WordCamp Porto 2013 e 2016, baptizamos o Wapuu de Z\u00e9 Manel.<br><br>S\u00ea bem-vindo Wapuu Z\u00e9 Manel.<\/p>\n\n\n\n<p><a href=\"https:\/\/porto.wordcamp.org\/2016\/comunidade-eis-o-wapuu-rabelo\/\" target=\"_blank\" rel=\"noreferrer noopener\">Fonte<\/a><\/p>\n<\/blockquote>\n","protected":false},"excerpt":{"rendered":"<p>Em 2016 surgia o Z\u00e9 Manel. O Wapuu Rabelo da comunidade WordPress do Porto que ainda anda por a\u00ed. Talvez o encontres no WordCamp Porto 2024 \ud83d\ude42 O Wapuu, a mascote dos eventos WordPress, teve origem na criatividade e colabora\u00e7\u00e3o da comunidade WordPress no Jap\u00e3o em 2009. Inicialmente concebido como um logotipo tempor\u00e1rio para um [&hellip;]<\/p>\n","protected":false},"author":8433142,"featured_media":0,"parent":0,"menu_order":0,"comment_status":"closed","ping_status":"closed","template":"","meta":{"jetpack_post_was_ever_published":false,"footnotes":""},"class_list":["post-7385","page","type-page","status-publish","hentry"],"jetpack_sharing_enabled":true,"_links":{"self":[{"href":"https:\/\/porto.wordcamp.org\/2024\/wp-json\/wp\/v2\/pages\/7385","targetHints":{"allow":["GET"]}}],"collection":[{"href":"https:\/\/porto.wordcamp.org\/2024\/wp-json\/wp\/v2\/pages"}],"about":[{"href":"https:\/\/porto.wordcamp.org\/2024\/wp-json\/wp\/v2\/types\/page"}],"author":[{"embeddable":true,"href":"https:\/\/porto.wordcamp.org\/2024\/wp-json\/wp\/v2\/users\/8433142"}],"replies":[{"embeddable":true,"href":"https:\/\/porto.wordcamp.org\/2024\/wp-json\/wp\/v2\/comments?post=7385"}],"version-history":[{"count":1,"href":"https:\/\/porto.wordcamp.org\/2024\/wp-json\/wp\/v2\/pages\/7385\/revisions"}],"predecessor-version":[{"id":7387,"href":"https:\/\/porto.wordcamp.org\/2024\/wp-json\/wp\/v2\/pages\/7385\/revisions\/7387"}],"wp:attachment":[{"href":"https:\/\/porto.wordcamp.org\/2024\/wp-json\/wp\/v2\/media?parent=7385"}],"curies":[{"name":"wp","href":"https:\/\/api.w.org\/{rel}","templated":true}]}}