{"id":8497,"date":"2024-05-09T11:09:53","date_gmt":"2024-05-09T10:09:53","guid":{"rendered":"https:\/\/porto.wordcamp.org\/2024\/?page_id=8497"},"modified":"2024-05-13T13:33:29","modified_gmt":"2024-05-13T12:33:29","slug":"guia-breve-do-wordcamp","status":"publish","type":"page","link":"https:\/\/porto.wordcamp.org\/2024\/guia-breve-do-wordcamp\/","title":{"rendered":"Guia Breve do WordCamp"},"content":{"rendered":"\n<p class=\"wp-block-paragraph\"><br>[ <a href=\"#en\" data-type=\"internal\" data-id=\"#en\">english version below<\/a> ]<\/p>\n\n\n\n<h2 class=\"wp-block-heading\">Onde<\/h2>\n\n\n\n<p class=\"wp-block-paragraph\">Funda\u00e7\u00e3o Dr. Ant\u00f3nio Cupertino de Miranda (FACM).<\/p>\n\n\n\n<p class=\"wp-block-paragraph\">Av. da Boavista 4245, 4100-140 Porto <br><a href=\"https:\/\/maps.app.goo.gl\/6uAjYd34Pv85FgXx7\" target=\"_blank\" rel=\"noreferrer noopener\">Google Maps<\/a><\/p>\n\n\n\n<h2 class=\"wp-block-heading\">Estacionamento &amp; Tr\u00e2nsito<\/h2>\n\n\n\n<p class=\"wp-block-paragraph\">Dentro do espa\u00e7o da funda\u00e7\u00e3o h\u00e1 alguns lugares, que podem ser utilizados pelos participantes do evento, mas s\u00e3o limitados e n\u00e3o vigiados. A \u00e1rea envolvente \u00e0 FACM tem muitos lugares de estacionamento, na avenida de Boavista. <br><br>Sexta \u00e9 um dia \u00fatil. Haver\u00e1 muito tr\u00e2nsito, como \u00e9 normal nas grandes cidades, agravado pelas obras do metro bus. <br>No s\u00e1bado a circula\u00e7\u00e3o n\u00e3o \u00e9, por norma, problem\u00e1tica, no entanto, sendo perto do parque da cidade, \u00e9 esperado que com o decorrer do dia haja menos espa\u00e7os de estacionamento dispon\u00edveis, se houver grande aflu\u00eancia ao parque da cidade.<\/p>\n\n\n\n<p class=\"wp-block-paragraph\">Por favor, chega cedo e faz uma viagem segura.<\/p>\n\n\n\n<h2 class=\"wp-block-heading\">Acredita\u00e7\u00e3o<\/h2>\n\n\n\n<p class=\"wp-block-paragraph\">O processo de acredita\u00e7\u00e3o ser\u00e1 feito em local indicado, na sexta \u00e0 entrada das salas de contribui\u00e7\u00e3o e no s\u00e1bado num local definido para o efeito, no foyer da FACM. Leva uma identifica\u00e7\u00e3o contigo e o email que recebeste ap\u00f3s a inscri\u00e7\u00e3o.<\/p>\n\n\n\n<p class=\"wp-block-paragraph\">Por favor, chega cedo.<\/p>\n\n\n\n<p class=\"wp-block-paragraph\">O check-in come\u00e7a \u00e0s 9h30 na sexta e \u00e0s 8h30 no s\u00e1bado.<\/p>\n\n\n\n<h2 class=\"wp-block-heading\">Internet Wi-Fi<\/h2>\n\n\n\n<p class=\"wp-block-paragraph\">O evento ir\u00e1 dispor de uma rede de Internet Wi-Fi pr\u00f3pria, sem password. Se vais ter mais de um dispositivo contigo (computador, tablet, smartphone\u2026), liga apenas um dispositivo a esta rede, para garantir a melhor qualidade para todos.<\/p>\n\n\n\n<h2 class=\"wp-block-heading\">V\u00eddeo e fotografia<\/h2>\n\n\n\n<p class=\"wp-block-paragraph\">Haver\u00e1 volunt\u00e1rios a realizar fotografias e v\u00eddeos no local. Sorri\u2026<br>O WordCamp ser\u00e1 gravado e as apresenta\u00e7\u00f5es ser\u00e3o posteriormente colocadas online na WordPress.tv.<\/p>\n\n\n\n<h2 class=\"wp-block-heading\">Intervalos<\/h2>\n\n\n\n<p class=\"wp-block-paragraph\">Al\u00e9m da pausa para almo\u00e7o, est\u00e3o definidos momentos de coffee-break. Na sexta haver\u00e1 um \u00e0 tarde e no s\u00e1bado haver\u00e1 um durante a manh\u00e3 e outro \u00e0 tarde, cada um de 30 minutos de dura\u00e7\u00e3o.<\/p>\n\n\n\n<h2 class=\"wp-block-heading\">Almo\u00e7o<\/h2>\n\n\n\n<p class=\"wp-block-paragraph\">Os coffee-breaks ser\u00e3o servidos no foyer e o almo\u00e7o no restaurante da FACM, em formato buffet com lugares sentados.<\/p>\n\n\n\n<h2 class=\"wp-block-heading\">Programa<\/h2>\n\n\n\n<p class=\"wp-block-paragraph\"><a href=\"https:\/\/porto.wordcamp.org\/2024\/programa\/\" data-type=\"page\" data-id=\"174\">Programa completo<\/a>.<\/p>\n\n\n\n<h2 class=\"wp-block-heading\">Fotografia oficial<\/h2>\n\n\n\n<p class=\"wp-block-paragraph\">Na sexta-feira ser\u00e1 feita uma foto com todos os participantes do Dia de Ajuda e Contribui\u00e7\u00e3o na sala A, pelas 12:15. <br>No s\u00e1bado a foto ser\u00e1 no audit\u00f3rio pelas 12:55.  <\/p>\n\n\n\n<h2 class=\"wp-block-heading\">Patrocinadores<\/h2>\n\n\n\n<p class=\"wp-block-paragraph\">Alguns patrocinadores estar\u00e3o presentes no local do evento. Visita-os e conhece os seus servi\u00e7os e produtos. No final das apresenta\u00e7\u00f5es, no s\u00e1bado, haver\u00e1 tamb\u00e9m sorteios de pr\u00e9mios pelos patrocinadores.<\/p>\n\n\n\n<h2 class=\"wp-block-heading\">Festa<\/h2>\n\n\n\n<p class=\"wp-block-paragraph\">Depois das considera\u00e7\u00f5es finais, no s\u00e1bado, haver\u00e1 um <a href=\"https:\/\/porto.wordcamp.org\/2024\/session\/after-party\/\" data-type=\"wcb_session\" data-id=\"5641\">momento de conv\u00edvio<\/a>, com m\u00fasica, bebidas e finger-food, entre as 18:30 e as 20:30, terminando com um Trivia Quiz com direito a pr\u00e9mio surpresa. <\/p>\n\n\n\n<h2 class=\"wp-block-heading\">Organiza\u00e7\u00e3o e staff<\/h2>\n\n\n\n<p class=\"wp-block-paragraph\">A equipa da organiza\u00e7\u00e3o e volunt\u00e1rios estar\u00e1 identificada com t-shirts espec\u00edficas, de cor vermelho\/salm\u00e3o, identificadas com a descri\u00e7\u00e3o is_staff();<\/p>\n\n\n\n<h2 class=\"wp-block-heading\">Por fim\u2026<\/h2>\n\n\n\n<ul class=\"wp-block-list\">\n<li>Os hor\u00e1rios definidos para o WordCamp s\u00e3o para serem cumpridos. A toler\u00e2ncia temporal, a haver, ser\u00e1 sempre m\u00ednima.<\/li>\n\n\n\n<li>Solicita-se a melhor aten\u00e7\u00e3o para todos os an\u00fancios que venham a ser feitos durante o evento e \u00e0s indica\u00e7\u00f5es da organiza\u00e7\u00e3o e volunt\u00e1rios.<\/li>\n\n\n\n<li>Respeitem o <a href=\"https:\/\/porto.wordcamp.org\/2024\/codigo-de-conduta\/\" data-type=\"page\" data-id=\"183\">C\u00f3digo de Conduta<\/a>.<\/li>\n\n\n\n<li>A organiza\u00e7\u00e3o est\u00e1 ao dispor para tentar resolver todas as d\u00favidas e pedidos que venham a ser feitos.<\/li>\n<\/ul>\n\n\n\n<div style=\"height:100px\" aria-hidden=\"true\" class=\"wp-block-spacer\"><\/div>\n\n\n\n<h2 class=\"wp-block-heading\" id=\"en\">English<\/h2>\n\n\n\n<h2 class=\"wp-block-heading\">Where<\/h2>\n\n\n\n<p class=\"wp-block-paragraph\">Dr. Ant\u00f3nio Cupertino de Miranda Foundation (FACM).<\/p>\n\n\n\n<p class=\"wp-block-paragraph\">Av. da Boavista 4245, 4100-140 Porto<br><a href=\"https:\/\/maps.app.goo.gl\/6uAjYd34Pv85FgXx7\" target=\"_blank\" rel=\"noreferrer noopener\">Google Maps<\/a><\/p>\n\n\n\n<h2 class=\"wp-block-heading\">Parking &amp; Traffic<\/h2>\n\n\n\n<p class=\"wp-block-paragraph\">The area surrounding the FACM has plenty of parking spaces, on Avenida de Boavista. Inside the space there are some places that can be used by event participants, but they are limited and not surveiled.<\/p>\n\n\n\n<p class=\"wp-block-paragraph\">Friday is a working day. There will be a lot of traffic, as is normal in big cities, made worse by the metro bus works. On Saturday, traffic is not usually problematic, however, being close to the city park, it is expected that as the day goes on there will be fewer parking spaces available, if there is a large influx of visitors to the city park.<\/p>\n\n\n\n<p class=\"wp-block-paragraph\">Please arrive early and have a safe journey.<\/p>\n\n\n\n<h2 class=\"wp-block-heading\">Registration<\/h2>\n\n\n\n<p class=\"wp-block-paragraph\">The registration process will be carried out in a designated location, on Friday at the entrance to the contribution rooms and on Saturday in a designated location for this purpose, in the FACM foyer. Take identification with you and the email you received after registering.<\/p>\n\n\n\n<p class=\"wp-block-paragraph\">Please arrive early.<\/p>\n\n\n\n<p class=\"wp-block-paragraph\">Check-in starts at 9:30am on Friday and 8:30am on Saturday.<\/p>\n\n\n\n<h2 class=\"wp-block-heading\">WiFi internet<\/h2>\n\n\n\n<p class=\"wp-block-paragraph\">The event will have its own Wi-Fi Internet network, without a password. If you are going to have more than one device with you (computer, tablet, smartphone\u2026), connect only one device to this network, to guarantee the best quality for everyone.<\/p>\n\n\n\n<h2 class=\"wp-block-heading\">Video and photography<\/h2>\n\n\n\n<p class=\"wp-block-paragraph\">There will be volunteers taking photographs and videos on site. Smile\u2026<br>WordCamp will be recorded and presentations will later be posted online at WordPress.tv.<\/p>\n\n\n\n<h2 class=\"wp-block-heading\">Breaks<\/h2>\n\n\n\n<p class=\"wp-block-paragraph\">In addition to the lunch break, coffee break times are defined. On Friday there will be one in the afternoon and on Saturday there will be one in the morning and another in the afternoon, each lasting 30 minutes.<\/p>\n\n\n\n<h2 class=\"wp-block-heading\">Lunch<\/h2>\n\n\n\n<p class=\"wp-block-paragraph\">Coffee breaks will be served in the foyer and lunch will be served in the FACM restaurant, in a buffet format with seating. There will be 2 options, one with animal protein and another vegan option.<\/p>\n\n\n\n<h2 class=\"wp-block-heading\">Schedule<\/h2>\n\n\n\n<p class=\"wp-block-paragraph\"><a href=\"https:\/\/porto.wordcamp.org\/2024\/schedule\/\" data-type=\"page\" data-id=\"7\">Complete schedule.<\/a><\/p>\n\n\n\n<h2 class=\"wp-block-heading\">Official photography<\/h2>\n\n\n\n<p class=\"wp-block-paragraph\">On Friday, a photo will be taken with all the participants of the Day of Help and Contribution in room A, at 12:15.<br>On Saturday the photo will be in the auditorium at 12:55.<\/p>\n\n\n\n<h2 class=\"wp-block-heading\">Sponsors<\/h2>\n\n\n\n<p class=\"wp-block-paragraph\">Some sponsors will be present at the event location. Visit them and learn about their services and products. At the end of the presentations, on Saturday, there will also be prize draws by sponsors.<\/p>\n\n\n\n<h2 class=\"wp-block-heading\">Party<\/h2>\n\n\n\n<p class=\"wp-block-paragraph\">After the final considerations, on Saturday, there will be a moment of conviviality, with music, drinks and finger food, between 6:30 pm and 8:30 pm, ending with a Trivia Quiz with a surprise prize.<\/p>\n\n\n\n<h2 class=\"wp-block-heading\">Organization and staff<\/h2>\n\n\n\n<p class=\"wp-block-paragraph\">The organization&#8217;s team and volunteers will be identified with specific t-shirts, colored red\/salmon, identified with the description is_staff();<\/p>\n\n\n\n<h2 class=\"wp-block-heading\">Finally\u2026<\/h2>\n\n\n\n<ul class=\"wp-block-list\">\n<li>The times set for WordCamp must be adhered to. The time tolerance, if any, will always be minimal.<\/li>\n\n\n\n<li>The best attention is requested to all announcements that may be made during the event and to indications from the organization and volunteers.<\/li>\n\n\n\n<li>Respect the <a href=\"https:\/\/porto.wordcamp.org\/2024\/code-of-conduct\/\" data-type=\"page\" data-id=\"21\">Code of Conduct<\/a>.<\/li>\n\n\n\n<li>The organization is available to try to resolve any doubts and requests that may be made.<\/li>\n<\/ul>\n\n\n\n<p class=\"wp-block-paragraph\"><\/p>\n","protected":false},"excerpt":{"rendered":"<p>[ english version below ] Onde Funda\u00e7\u00e3o Dr. Ant\u00f3nio Cupertino de Miranda (FACM). Av. da Boavista 4245, 4100-140 Porto Google Maps Estacionamento &amp; Tr\u00e2nsito Dentro do espa\u00e7o da funda\u00e7\u00e3o h\u00e1 alguns lugares, que podem ser utilizados pelos participantes do evento, mas s\u00e3o limitados e n\u00e3o vigiados. A \u00e1rea envolvente \u00e0 FACM tem muitos lugares de [&hellip;]<\/p>\n","protected":false},"author":8433142,"featured_media":0,"parent":0,"menu_order":0,"comment_status":"closed","ping_status":"closed","template":"","meta":{"_crdt_document":"","jetpack_post_was_ever_published":false,"footnotes":""},"class_list":["post-8497","page","type-page","status-publish","hentry"],"jetpack_sharing_enabled":true,"_links":{"self":[{"href":"https:\/\/porto.wordcamp.org\/2024\/wp-json\/wp\/v2\/pages\/8497","targetHints":{"allow":["GET"]}}],"collection":[{"href":"https:\/\/porto.wordcamp.org\/2024\/wp-json\/wp\/v2\/pages"}],"about":[{"href":"https:\/\/porto.wordcamp.org\/2024\/wp-json\/wp\/v2\/types\/page"}],"author":[{"embeddable":true,"href":"https:\/\/porto.wordcamp.org\/2024\/wp-json\/wp\/v2\/users\/8433142"}],"replies":[{"embeddable":true,"href":"https:\/\/porto.wordcamp.org\/2024\/wp-json\/wp\/v2\/comments?post=8497"}],"version-history":[{"count":3,"href":"https:\/\/porto.wordcamp.org\/2024\/wp-json\/wp\/v2\/pages\/8497\/revisions"}],"predecessor-version":[{"id":8744,"href":"https:\/\/porto.wordcamp.org\/2024\/wp-json\/wp\/v2\/pages\/8497\/revisions\/8744"}],"wp:attachment":[{"href":"https:\/\/porto.wordcamp.org\/2024\/wp-json\/wp\/v2\/media?parent=8497"}],"curies":[{"name":"wp","href":"https:\/\/api.w.org\/{rel}","templated":true}]}}

<p class="wp-block-paragraph"><br>[ <a href="#en" data-type="internal" data-id="#en">english version below</a> ]</p>



<h2 class="wp-block-heading">Onde</h2>



<p class="wp-block-paragraph">Fundação Dr. António Cupertino de Miranda (FACM).</p>



<p class="wp-block-paragraph">Av. da Boavista 4245, 4100-140 Porto <br><a href="https://maps.app.goo.gl/6uAjYd34Pv85FgXx7" target="_blank" rel="noreferrer noopener">Google Maps</a></p>



<h2 class="wp-block-heading">Estacionamento &amp; Trânsito</h2>



<p class="wp-block-paragraph">Dentro do espaço da fundação há alguns lugares, que podem ser utilizados pelos participantes do evento, mas são limitados e não vigiados. A área envolvente à FACM tem muitos lugares de estacionamento, na avenida de Boavista. <br><br>Sexta é um dia útil. Haverá muito trânsito, como é normal nas grandes cidades, agravado pelas obras do metro bus. <br>No sábado a circulação não é, por norma, problemática, no entanto, sendo perto do parque da cidade, é esperado que com o decorrer do dia haja menos espaços de estacionamento disponíveis, se houver grande afluência ao parque da cidade.</p>



<p class="wp-block-paragraph">Por favor, chega cedo e faz uma viagem segura.</p>



<h2 class="wp-block-heading">Acreditação</h2>



<p class="wp-block-paragraph">O processo de acreditação será feito em local indicado, na sexta à entrada das salas de contribuição e no sábado num local definido para o efeito, no foyer da FACM. Leva uma identificação contigo e o email que recebeste após a inscrição.</p>



<p class="wp-block-paragraph">Por favor, chega cedo.</p>



<p class="wp-block-paragraph">O check-in começa às 9h30 na sexta e às 8h30 no sábado.</p>



<h2 class="wp-block-heading">Internet Wi-Fi</h2>



<p class="wp-block-paragraph">O evento irá dispor de uma rede de Internet Wi-Fi própria, sem password. Se vais ter mais de um dispositivo contigo (computador, tablet, smartphone…), liga apenas um dispositivo a esta rede, para garantir a melhor qualidade para todos.</p>



<h2 class="wp-block-heading">Vídeo e fotografia</h2>



<p class="wp-block-paragraph">Haverá voluntários a realizar fotografias e vídeos no local. Sorri…<br>O WordCamp será gravado e as apresentações serão posteriormente colocadas online na WordPress.tv.</p>



<h2 class="wp-block-heading">Intervalos</h2>



<p class="wp-block-paragraph">Além da pausa para almoço, estão definidos momentos de coffee-break. Na sexta haverá um à tarde e no sábado haverá um durante a manhã e outro à tarde, cada um de 30 minutos de duração.</p>



<h2 class="wp-block-heading">Almoço</h2>



<p class="wp-block-paragraph">Os coffee-breaks serão servidos no foyer e o almoço no restaurante da FACM, em formato buffet com lugares sentados.</p>



<h2 class="wp-block-heading">Programa</h2>



<p class="wp-block-paragraph"><a href="https://porto.wordcamp.org/2024/programa/" data-type="page" data-id="174">Programa completo</a>.</p>



<h2 class="wp-block-heading">Fotografia oficial</h2>



<p class="wp-block-paragraph">Na sexta-feira será feita uma foto com todos os participantes do Dia de Ajuda e Contribuição na sala A, pelas 12:15. <br>No sábado a foto será no auditório pelas 12:55.  </p>



<h2 class="wp-block-heading">Patrocinadores</h2>



<p class="wp-block-paragraph">Alguns patrocinadores estarão presentes no local do evento. Visita-os e conhece os seus serviços e produtos. No final das apresentações, no sábado, haverá também sorteios de prémios pelos patrocinadores.</p>



<h2 class="wp-block-heading">Festa</h2>



<p class="wp-block-paragraph">Depois das considerações finais, no sábado, haverá um <a href="https://porto.wordcamp.org/2024/session/after-party/" data-type="wcb_session" data-id="5641">momento de convívio</a>, com música, bebidas e finger-food, entre as 18:30 e as 20:30, terminando com um Trivia Quiz com direito a prémio surpresa. </p>



<h2 class="wp-block-heading">Organização e staff</h2>



<p class="wp-block-paragraph">A equipa da organização e voluntários estará identificada com t-shirts específicas, de cor vermelho/salmão, identificadas com a descrição is_staff();</p>



<h2 class="wp-block-heading">Por fim…</h2>



<ul class="wp-block-list">
<li>Os horários definidos para o WordCamp são para serem cumpridos. A tolerância temporal, a haver, será sempre mínima.</li>



<li>Solicita-se a melhor atenção para todos os anúncios que venham a ser feitos durante o evento e às indicações da organização e voluntários.</li>



<li>Respeitem o <a href="https://porto.wordcamp.org/2024/codigo-de-conduta/" data-type="page" data-id="183">Código de Conduta</a>.</li>



<li>A organização está ao dispor para tentar resolver todas as dúvidas e pedidos que venham a ser feitos.</li>
</ul>



<div style="height:100px" aria-hidden="true" class="wp-block-spacer"></div>



<h2 class="wp-block-heading" id="en">English</h2>



<h2 class="wp-block-heading">Where</h2>



<p class="wp-block-paragraph">Dr. António Cupertino de Miranda Foundation (FACM).</p>



<p class="wp-block-paragraph">Av. da Boavista 4245, 4100-140 Porto<br><a href="https://maps.app.goo.gl/6uAjYd34Pv85FgXx7" target="_blank" rel="noreferrer noopener">Google Maps</a></p>



<h2 class="wp-block-heading">Parking &amp; Traffic</h2>



<p class="wp-block-paragraph">The area surrounding the FACM has plenty of parking spaces, on Avenida de Boavista. Inside the space there are some places that can be used by event participants, but they are limited and not surveiled.</p>



<p class="wp-block-paragraph">Friday is a working day. There will be a lot of traffic, as is normal in big cities, made worse by the metro bus works. On Saturday, traffic is not usually problematic, however, being close to the city park, it is expected that as the day goes on there will be fewer parking spaces available, if there is a large influx of visitors to the city park.</p>



<p class="wp-block-paragraph">Please arrive early and have a safe journey.</p>



<h2 class="wp-block-heading">Registration</h2>



<p class="wp-block-paragraph">The registration process will be carried out in a designated location, on Friday at the entrance to the contribution rooms and on Saturday in a designated location for this purpose, in the FACM foyer. Take identification with you and the email you received after registering.</p>



<p class="wp-block-paragraph">Please arrive early.</p>



<p class="wp-block-paragraph">Check-in starts at 9:30am on Friday and 8:30am on Saturday.</p>



<h2 class="wp-block-heading">WiFi internet</h2>



<p class="wp-block-paragraph">The event will have its own Wi-Fi Internet network, without a password. If you are going to have more than one device with you (computer, tablet, smartphone…), connect only one device to this network, to guarantee the best quality for everyone.</p>



<h2 class="wp-block-heading">Video and photography</h2>



<p class="wp-block-paragraph">There will be volunteers taking photographs and videos on site. Smile…<br>WordCamp will be recorded and presentations will later be posted online at WordPress.tv.</p>



<h2 class="wp-block-heading">Breaks</h2>



<p class="wp-block-paragraph">In addition to the lunch break, coffee break times are defined. On Friday there will be one in the afternoon and on Saturday there will be one in the morning and another in the afternoon, each lasting 30 minutes.</p>



<h2 class="wp-block-heading">Lunch</h2>



<p class="wp-block-paragraph">Coffee breaks will be served in the foyer and lunch will be served in the FACM restaurant, in a buffet format with seating. There will be 2 options, one with animal protein and another vegan option.</p>



<h2 class="wp-block-heading">Schedule</h2>



<p class="wp-block-paragraph"><a href="https://porto.wordcamp.org/2024/schedule/" data-type="page" data-id="7">Complete schedule.</a></p>



<h2 class="wp-block-heading">Official photography</h2>



<p class="wp-block-paragraph">On Friday, a photo will be taken with all the participants of the Day of Help and Contribution in room A, at 12:15.<br>On Saturday the photo will be in the auditorium at 12:55.</p>



<h2 class="wp-block-heading">Sponsors</h2>



<p class="wp-block-paragraph">Some sponsors will be present at the event location. Visit them and learn about their services and products. At the end of the presentations, on Saturday, there will also be prize draws by sponsors.</p>



<h2 class="wp-block-heading">Party</h2>



<p class="wp-block-paragraph">After the final considerations, on Saturday, there will be a moment of conviviality, with music, drinks and finger food, between 6:30 pm and 8:30 pm, ending with a Trivia Quiz with a surprise prize.</p>



<h2 class="wp-block-heading">Organization and staff</h2>



<p class="wp-block-paragraph">The organization&#8217;s team and volunteers will be identified with specific t-shirts, colored red/salmon, identified with the description is_staff();</p>



<h2 class="wp-block-heading">Finally…</h2>



<ul class="wp-block-list">
<li>The times set for WordCamp must be adhered to. The time tolerance, if any, will always be minimal.</li>



<li>The best attention is requested to all announcements that may be made during the event and to indications from the organization and volunteers.</li>



<li>Respect the <a href="https://porto.wordcamp.org/2024/code-of-conduct/" data-type="page" data-id="21">Code of Conduct</a>.</li>



<li>The organization is available to try to resolve any doubts and requests that may be made.</li>
</ul>



<p class="wp-block-paragraph"></p>

<p>[ english version below ] Onde Fundação Dr. António Cupertino de Miranda (FACM). Av. da Boavista 4245, 4100-140 Porto Google Maps Estacionamento &amp; Trânsito Dentro do espaço da fundação há alguns lugares, que podem ser utilizados pelos participantes do evento, mas são limitados e não vigiados. A área envolvente à FACM tem muitos lugares de [&hellip;]</p>
